factors of j - (-1 + 1)/(-3)?
2, 7
Let n be -4 + 0 - 5 - -2. Let c = 41 + n. What are the prime factors of c?
2, 17
Suppose 0 = 7*r - 1287 + 55. List the prime factors of r.
2, 11
Suppose 4*f = -157 + 57. Let o be 442/10 + 5/f. Suppose 0 = -j - 3*j + o. What are the prime factors of j?
11
Suppose 2*j - x - 58 = 3*x, -x + 116 = 4*j. Suppose -4*p = n - 2*n - 20, 4*n = -p - 80. Let q = j + n. What are the prime factors of q?
3
Let r(i) be the second derivative of -i**4/12 - i**2 - 4*i. Let m be r(2). Let w = m - -14. What are the prime factors of w?
2
Let k(r) = -r**3 + 5*r**2 - 2*r + 1. Let v be k(5). Let w = v + 13. List the prime factors of w.
2
Suppose -12*t - 883 + 2347 = 0. List the prime factors of t.
2, 61
Let n = 3 - -2. Let m be 1*-4*(-5)/10. Suppose m*t - t = n. What are the prime factors of t?
5
Suppose -4*h + 3*r + 2 = -3, 0 = 4*r - 4. Suppose -h*k + 40 = -0*k. List the prime factors of k.
2, 5
Let c = 5 + -12. Let y = -3 - c. List the prime factors of y.
2
Let v = 6 + -5. Suppose 3*r - 3 = 0, v = 3*b - 3*r - 2. Suppose -b*h + 23 + 1 = 0. List the prime factors of h.
2, 3
Suppose 606 + 1546 = 8*d. What are the prime factors of d?
269
Let r(o) be the first derivative of -1/3*o**3 - 1/2*o**2 - 1 + 5/2*o**4 + o. What are the prime factors of r(1)?
3
Let g = 2 + 0. Suppose -g*w + 26 = -8. List the prime factors of w.
17
Let s = 7 - 2. Suppose s*g + 21 = -4. Let m = g - -10. List the prime factors of m.
5
List the prime factors of (-3 - -35 - 0) + 4.
2, 3
Let i = 47 + -15. Suppose 3*w - i = -2*v, 2*v + 3*w = -w + 36. What are the prime factors of (-6)/v*(0 + -25)?
3, 5
Let s = -96 - -168. What are the prime factors of s?
2, 3
Let f be -2*(3 + 0 - 25). Suppose 5*q = f + 26. Suppose -5*b = 2*u - q, -3*b + 22 = 5*u - 3*u. What are the prime factors of u?
17
List the prime factors of (-3)/((0 + -3)/54).
2, 3
Let m = -6 - -14. Let l be m/6*(-60)/(-2). Suppose -q = -2*u + 19, 3*u = -5*q + l + 21. List the prime factors of u.
2, 3
Suppose 5*g + 0*g - 15 = 0, 3*m + 5*g - 27 = 0. List the prime factors of 1*2/(m/58).
29
Let a be -29*2*(3 + -4). Suppose -2*q - 56 - 24 = 0. Let m = q + a. List the prime factors of m.
2, 3
Let r(y) = -2*y + 1. Let n be r(1). Let q = n - -4. List the prime factors of q.
3
Suppose 0 = -5*b + 5*g + 440, 8*b + 270 = 11*b - g. What are the prime factors of b?
7, 13
Let a be 56/10*(-10)/(-4). Suppose -4*g + a = 5*h, -2*g + 4 = 2*g. Suppose -f + h = -4. List the prime factors of f.
2, 3
Suppose -7 = -3*r + 80. Let l be ((-42)/35)/(2/(-5)). Suppose 48 = l*i + t, -r = -3*i - 2*t + 19. List the prime factors of i.
2
Let i(c) = -c**3 + 5*c**2 + 2*c + 2. Suppose -6 - 2 = -2*w + 2*p, -4*p = -3*w + 13. Let r be i(w). List the prime factors of r/6 + 6/(-18).
2
Let b = 11 + -9. What are the prime factors of b*-1*6/(-4)?
3
Let s(h) = h**2 + 8*h - 6. Let z be s(-9). Suppose z*m - 3 = 2*m. List the prime factors of m.
3
Let k = 4 - 2. Let v be 2/((-4)/k)*3. Let l(i) = -4*i. List the prime factors of l(v).
2, 3
Suppose 4*p = 2*m + 2, 2*p - 6*p + 5*m - 13 = 0. Suppose 0 = -p*f + 72 - 0. What are the prime factors of f?
2, 3
Suppose -5 = -2*o + 37. List the prime factors of o.
3, 7
Suppose -5*d - 46 = -2*b, -4*d = -b + 14 + 9. What are the prime factors of b?
23
Let n = 0 + 4. Suppose -3*w + w - 5*v = -9, -2*w + 36 = -n*v. What are the prime factors of w?
2, 3
Let z = -2 - -21. List the prime factors of z.
19
Suppose -3*a - 192 = -6*a. What are the prime factors of a?
2
Let z = 0 + 3. Suppose 0 = l - 4, -5*j - 2 = -0*j - z*l. Suppose -4*f = j*a + a - 40, 4 = a. What are the prime factors of f?
7
Suppose 25 = 2*s - 107. List the prime factors of s.
2, 3, 11
Let i = 92 + -36. List the prime factors of i.
2, 7
Suppose -34 = -a - 5*i - 13, -a + 4*i = -66. What are the prime factors of a?
2, 23
Suppose -6*t + 2*t + 360 = 0. List the prime factors of t.
2, 3, 5
Let s(g) = -g**3 + g**2 + 2*g + 1. Suppose -4*x - 7 = 4*i + 1, -10 = 5*i - 2*x. List the prime factors of s(i).
3
Let z be (-5*1)/(5/(-20)). Let a = 35 - z. List the prime factors of a.
3, 5
Let v(k) = k**3 - 13*k**2 + 17*k - 7. List the prime factors of v(12).
53
Let y = 236 - 115. What are the prime factors of y?
11
Suppose -3*b + 2*i = -327, -2*i = -7*i - 15. List the prime factors of b.
107
Let a(f) = -f**2 - f - 4. Let y(m) = -m**2 + 5*m + 6. Let g be y(6). Let w be a(g). Let k = 7 - w. List the prime factors of k.
11
Let q = 6 + -3. Suppose q*y - 5*o - 145 = 0, 3*o - 130 = -2*y - 2*o. Suppose -y = -5*i - 15. What are the prime factors of i?
2
Let c = 5 + -2. Let t(p) = -p**2 + 15*p - 12. Let x(h) = -2*h**2 + 29*h - 23. Let f(j) = c*x(j) - 5*t(j). What are the prime factors of f(11)?
2
Let q(g) = -2*g**3 - 3*g**2 + g + 2. Let b be q(-2). Suppose -b*w = -w - 36. List the prime factors of w.
2, 3
Let u(d) = d**2 - 6*d + 4. Let o be u(5). Let k(w) be the first derivative of -6*w**2 + 5. List the prime factors of k(o).
2, 3
Suppose k - 2*q = -12, -3*q + 27 = -3*k - 0*q. Let o(y) be the second derivative of y**5/20 + 5*y**4/12 - y**3 + y**2 + 5*y. List the prime factors of o(k).
2
Suppose -4 - 16 = 4*y. Let z = 9 - y. What are the prime factors of z?
2, 7
Suppose 8*w = 3*w + 5, 5*w = -3*i - 31. Let b = -6 - i. List the prime factors of b.
2, 3
Let l(k) be the third derivative of k**5/12 - k**4/24 + k**3/3 - 3*k**2. Let j(n) = 6*n**2 + 1. Let x(t) = -6*j(t) + 7*l(t). List the prime factors of x(-7).
2
Let m be (-1)/3*(-243)/3. What are the prime factors of (-2)/(-3) - (-873)/m?
3, 11
Let b = 11 - -86. What are the prime factors of b?
97
Let k be 1 - -2 - 3 - -16. Suppose 3*a - k = -a. Suppose -p + 50 = a*p. What are the prime factors of p?
2, 5
Let o = -446 - -680. What are the prime factors of o?
2, 3, 13
Suppose 0*x - 28 = -3*x + d, -2*x + 4*d = -12. What are the prime factors of (-21 - -1)*(-4)/x?
2
Let x(j) = -2*j**2 - 61*j - 15. List the prime factors of x(-25).
2, 5, 13
Let u(y) = y - 7. Let p be u(5). Let k = p - -2. Suppose 0 = b - k*b - 2. List the prime factors of b.
2
Suppose -1 = -3*u + 62. What are the prime factors of u?
3, 7
Suppose 0 = 3*v + 4*y - 13, -3*v - 6*y + y + 17 = 0. Let q be 1 + (-2 - v) + 3. Suppose 8*t = q*t + 60. List the prime factors of t.
2, 3
Let a = 4 - 2. Suppose 7*t - 15 = a*t. Suppose 5*p = t*z - 48, p = 2*z - 34 + 2. List the prime factors of z.
2
Suppose 2*u = -9 + 69. What are the prime factors of u?
2, 3, 5
List the prime factors of (0 - 6)/(2/(-59)).
3, 59
Let q(h) = -h**3 + 4*h**2 + 3*h. List the prime factors of q(3).
2, 3
Suppose -2*x = 4*u - 76, 2*x - 2*u = -u + 101. Suppose 4*c = c + x. List the prime factors of c.
2
Let y = 149 - 119. List the prime factors of y.
2, 3, 5
Suppose 3*d - t - 9 = 3*t, 0 = 5*t. Let q be ((-21)/14)/(d/(-8)). Suppose -7 - 9 = -q*c. What are the prime factors of c?
2
Let u(a) = -2*a + 3. Let r be 0 + (3 - (2 + 4)). What are the prime factors of u(r)?
3
Let j(n) = n**3 - 4*n**2 - 6*n + 7. Let v be j(5). Let y be v/10 + 9/5. Suppose -y*f = -3 - 1. List the prime factors of f.
2
Let c(r) = 3*r - 6. Let v be c(-5). Let i = v - -52. What are the prime factors of i?
31
Suppose 0*c = c - b - 9, 5*c + 4*b = 0. Let m(o) = -7*o - 6. Let r be m(-6). Suppose r = c*v - 0*v. List the prime factors of v.
3
Let g = 40 + 24. List the prime factors of g.
2
Let y be (-5)/(2*(-2)/4). Let q = 12 - y. What are the prime factors of q?
7
Let x be ((-24)/(-10))/(2/10). Suppose -4*c + x + 32 = 0. List the prime factors of c.
11
Suppose 3*f + 26 = 8. Let a = f + 13. List the prime factors of a.
7
Let h(i) = i + 21. List the prime factors of h(12).
3, 11
Let a(z) = -9*z - 1. What are the prime factors of a(-8)?
71
Suppose -4*m + 0*m + 8 = 0. Suppose 0 = m*v - 36 - 72. What are the prime factors of v?
2, 3
Let f = 55 + 1. Suppose -5*o = 2*t - 87, -t + f = 4*o + 4*t. List the prime factors of o.
19
Let o be (14/4)/(1/6). Suppose 5*s = -2*w - 10, -5*w - 3*s + 2*s + o = 0. Suppose 4*h - 3 = 3*c - 42, -w*h = -3*c + 39. List the prime factors of c.
13
Suppose -2*y - 2 = 2. Let z be y + 1 + 0 + 2. List the prime factors of z/((-2)/(-16) + 0).
2
Suppose o - 9 = 16. List the prime factors of o.
5
Let n(j) = 2*j**2 + 1. Let x be n(-2). Suppose -5*c - x = -24. Let q(y) = y**3 - 3*y**2 + 3*y - 4. List the prime factors of q(c).
5
Let v = 44 - 11. Wha